late the highest common divisor of 124 and 589.
31
What is the greatest common divisor of 451 and 1968?
41
What is the highest common divisor of 14 and 826?
14
What is the highest common factor of 1008 and 112?
112
Calculate the highest common divisor of 27 and 468.
9
Calculate the highest common factor of 122 and 2.
2
What is the highest common divisor of 40 and 27380?
20
Calculate the greatest common factor of 92 and 36.
4
Calculate the greatest common divisor of 295 and 495.
5
Calculate the greatest common divisor of 335 and 95.
5
Calculate the greatest common divisor of 44 and 11506.
22
Calculate the highest common divisor of 2 and 166.
2
Calculate the greatest common divisor of 117 and 189.
9
What is the greatest common factor of 150 and 70?
10
What is the highest common factor of 13002 and 66?
66
Calculate the greatest common factor of 195 and 90.
15
Calculate the greatest common factor of 2959 and 66.
11
Calculate the greatest common factor of 112 and 3248.
112
Calculate the greatest common divisor of 165 and 45.
15
What is the greatest common factor of 245 and 735?
245
Calculate the greatest common divisor of 54 and 2862.
54
Calculate the greatest common factor of 580 and 5945.
145
What is the greatest common divisor of 19 and 2147?
19
What is the highest common factor of 26 and 52?
26
What is the highest common divisor of 136 and 232?
8
Calculate the highest common factor of 209 and 55.
11
Calculate the greatest common factor of 320 and 2.
2
Calculate the greatest common divisor of 703 and 74.
37
What is the greatest common factor of 34 and 51?
17
What is the greatest common divisor of 216 and 2052?
108
Calculate the greatest common divisor of 21 and 21.
21
What is the greatest common factor of 81 and 432?
27
What is the highest common factor of 833 and 49?
49
Calculate the highest common factor of 123 and 3075.
123
Calculate the highest common factor of 329 and 141.
47
What is the highest common divisor of 196 and 1400?
28
What is the greatest common divisor of 127 and 1397?
127
Calculate the greatest common divisor of 15 and 54690.
15
What is the greatest common factor of 69 and 2944?
23
What is the highest common factor of 561 and 5253?
51
Calculate the highest common divisor of 30 and 24.
6
What is the highest common divisor of 30 and 12330?
30
What is the highest common factor of 79436 and 28?
28
What is the greatest common divisor of 300 and 7625?
25
What is the highest common factor of 34 and 17?
17
Calculate the greatest common factor of 60 and 20220.
60
What is the greatest common divisor of 19 and 2?
1
What is the greatest common factor of 3340 and 167?
167
Calculate the greatest common factor of 6 and 1374.
6
What is the highest common divisor of 4081 and 231?
77
What is the greatest common factor of 7515 and 10?
5
Calculate the highest common divisor of 42 and 182.
14
Calculate the greatest common divisor of 40 and 184.
8
Calculate the greatest common factor of 128 and 16.
16
What is the highest common factor of 1147 and 74?
37
Calculate the greatest common divisor of 35 and 2135.
35
Calculate the greatest common divisor of 153 and 51.
51
What is the highest common factor of 689 and 159?
53
What is the greatest common divisor of 32978 and 22?
22
What is the highest common divisor of 11 and 352?
11
Calculate the highest common factor of 1485 and 110.
55
What is the highest common factor of 275 and 675?
25
Calculate the highest common factor of 3944 and 9512.
232
What is the greatest common divisor of 64 and 224?
32
Calculate the highest common divisor of 10 and 540.
10
What is the greatest common factor of 36 and 4?
4
What is the highest common divisor of 39 and 533?
13
What is the greatest common factor of 69 and 828?
69
What is the greatest common divisor of 3216 and 48?
48
Calculate the greatest common factor of 351 and 13.
13
Calculate the greatest common factor of 4815 and 10.
5
Calculate the highest common divisor of 20 and 2230.
10
Calculate the highest common divisor of 40 and 370.
10
Calculate the greatest common factor of 20086 and 166.
166
What is the highest common divisor of 23 and 529?
23
Calculate the greatest common divisor of 799 and 17.
17
Calculate the greatest common factor of 7 and 5341.
7
Calculate the greatest common factor of 2 and 19.
1
Calculate the highest common divisor of 2 and 1454.
2
What is the greatest common divisor of 93 and 31?
31
What is the greatest common divisor of 21 and 35007?
21
Calculate the highest common factor of 25 and 975.
25
Calculate the highest common divisor of 126 and 5334.
42
Calculate the highest common factor of 1037 and 17.
17
Calculate the highest common factor of 460 and 70.
10
Calculate the highest common divisor of 305 and 488.
61
What is the highest common factor of 5748 and 36?
12
Calculate the highest common divisor of 14888 and 8.
8
Calculate the highest common divisor of 46 and 6026.
46
What is the greatest common factor of 4890 and 30?
30
What is the greatest common divisor of 66 and 1782?
66
Calculate the highest common factor of 45 and 90.
45
Calculate the greatest common factor of 43 and 3827.
43
Calculate the highest common factor of 14 and 19.
1
What is the greatest common divisor of 27 and 12?
3
What is the greatest common factor of 1 and 47?
1
What is the highest common divisor of 85 and 204?
17
What is the greatest common factor of 24 and 30?
6
What is the greatest common factor of 18 and 12?
6
What is the highest common factor of 9353 and 94?
47
Calculate the highest common factor of 158 and 2.
2
Calculate the greatest common factor of 18853 and 17.
17
What is the highest common divisor of 67 and 4288?
67
Calculate the highest common factor of 31 and 496.
31
What is the greatest common factor of 116 and 58?
58
What is the highest common factor of 10 and 7105?
5
What is the highest common divisor of 8796 and 12?
12
Calculate the greatest common factor of 639 and 207.
9
Calculate the highest common divisor of 330 and 363.
33
What is the highest common divisor of 63 and 63?
63
What is the greatest common factor of 175 and 25?
25
What is the highest common divisor of 583 and 371?
53
What is the highest common factor of 1395 and 1215?
45
What is the greatest common factor of 46 and 11293?
23
What is the greatest common factor of 40256 and 32?
32
Calculate the highest common factor of 130 and 3250.
130
What is the highest common factor of 1530 and 900?
90
Calculate the greatest common divisor of 78 and 2886.
78
Calculate the greatest common divisor of 380 and 220.
20
Calculate the highest common divisor of 28 and 1.
1
Calculate the highest common divisor of 118 and 1357.
59
What is the highest common factor of 45 and 480?
15
What is the greatest common factor of 414 and 288?
18
Calculate the highest common factor of 36 and 216.
36
What is the highest common divisor of 532 and 28?
28
What is the greatest common factor of 60 and 255?
15
What is the highest common divisor of 23 and 782?
23
Calculate the highest common divisor of 363 and 88.
11
What is the greatest common factor of 81 and 21?
3
What is the highest common divisor of 1824 and 57?
57
What is the greatest common divisor of 39 and 533?
13
Calculate the highest common divisor of 959 and 5343.
137
What is the highest common factor of 245 and 23765?
245
Calculate the highest common factor of 8664 and 48.
24
What is the highest common factor of 2715 and 30?
15
What is the highest common divisor of 210 and 910?
70
What is the greatest common factor of 1224 and 272?
136
Calculate the greatest common factor of 53 and 583.
53
What is the highest common factor of 400 and 130?
10
Calculate the highest common divisor of 54 and 6183.
27
Calculate the highest common divisor of 245 and 305.
5
Calculate the greatest common factor of 7539 and 21.
21
Calculate the greatest common divisor of 100 and 10.
10
What is the highest common factor of 15 and 2720?
5
Calculate the highest common factor of 228 and 285.
57
What is the greatest common factor of 22 and 44?
22
Calculate the greatest common divisor of 6 and 78.
6
Calculate the highest common divisor of 6 and 14514.
6
Calculate the greatest common divisor of 3182 and 37.
37
Calculate the highest common divisor of 16 and 176.
16
Calculate the highest common di